{"id":13,"date":"2018-10-08T11:43:17","date_gmt":"2018-10-08T09:43:17","guid":{"rendered":"https:\/\/2019.bordeaux.wordcamp.org\/?page_id=13"},"modified":"2019-09-19T12:26:20","modified_gmt":"2019-09-19T10:26:20","slug":"billets","status":"publish","type":"page","link":"https:\/\/bordeaux.wordcamp.org\/2019\/billets\/","title":{"rendered":"Billetterie"},"content":{"rendered":"\n<p class=\"wp-block-paragraph\">La billetterie est ferm\u00e9e. L&rsquo;\u00e9v\u00e8nement est termin\u00e9.<\/p>\n\n\n\n<hr class=\"wp-block-separator\" \/>\n\n\n\n<p class=\"wp-block-paragraph\">R\u00e9servez d\u00e8s maintenant votre s\u00e9same pour <strong>la<\/strong> journ\u00e9e \u00e9v\u00e8nement autour de l&rsquo;\u00e9co-responsabilit\u00e9 &amp; WordPress.<\/p>\n\n\n\n<p class=\"wp-block-paragraph\"><strong>Veuillez noter que les billets du WordCamp Bordeaux ne sont pas remboursables<\/strong>. Si vous souhaitez c\u00e9der ou vendre un billet que vous avez achet\u00e9, vous pouvez modifier les d\u00e9tails en utilisant le lien que vous avez re\u00e7u dans votre e-mail de confirmation d\u2019achat. Merci de votre compr\u00e9hension !<\/p>\n","protected":false},"excerpt":{"rendered":"<p>La billetterie est ferm\u00e9e. L&rsquo;\u00e9v\u00e8nement est termin\u00e9. R\u00e9servez d\u00e8s maintenant votre s\u00e9same pour la journ\u00e9e \u00e9v\u00e8nement autour de l&rsquo;\u00e9co-responsabilit\u00e9 &amp; WordPress. Veuillez noter que les billets du WordCamp Bordeaux ne sont pas remboursables. Si vous souhaitez c\u00e9der ou vendre un billet que vous avez achet\u00e9, vous pouvez modifier les d\u00e9tails en utilisant le lien que [&hellip;]<\/p>\n","protected":false},"author":13823299,"featured_media":0,"parent":0,"menu_order":0,"comment_status":"closed","ping_status":"closed","template":"","meta":{"_crdt_document":"","jetpack_post_was_ever_published":false,"footnotes":""},"class_list":["post-13","page","type-page","status-publish","hentry"],"jetpack_sharing_enabled":true,"_links":{"self":[{"href":"https:\/\/bordeaux.wordcamp.org\/2019\/wp-json\/wp\/v2\/pages\/13","targetHints":{"allow":["GET"]}}],"collection":[{"href":"https:\/\/bordeaux.wordcamp.org\/2019\/wp-json\/wp\/v2\/pages"}],"about":[{"href":"https:\/\/bordeaux.wordcamp.org\/2019\/wp-json\/wp\/v2\/types\/page"}],"author":[{"embeddable":true,"href":"https:\/\/bordeaux.wordcamp.org\/2019\/wp-json\/wp\/v2\/users\/13823299"}],"replies":[{"embeddable":true,"href":"https:\/\/bordeaux.wordcamp.org\/2019\/wp-json\/wp\/v2\/comments?post=13"}],"version-history":[{"count":15,"href":"https:\/\/bordeaux.wordcamp.org\/2019\/wp-json\/wp\/v2\/pages\/13\/revisions"}],"predecessor-version":[{"id":3704,"href":"https:\/\/bordeaux.wordcamp.org\/2019\/wp-json\/wp\/v2\/pages\/13\/revisions\/3704"}],"wp:attachment":[{"href":"https:\/\/bordeaux.wordcamp.org\/2019\/wp-json\/wp\/v2\/media?parent=13"}],"curies":[{"name":"wp","href":"https:\/\/api.w.org\/{rel}","templated":true}]}}